{"id":34,"date":"2016-11-28T13:49:58","date_gmt":"2016-11-28T13:49:58","guid":{"rendered":"http:\/\/screengraf.cl\/sitio_2016\/?page_id=34"},"modified":"2019-03-26T21:30:45","modified_gmt":"2019-03-26T21:30:45","slug":"pleiger","status":"publish","type":"page","link":"https:\/\/www.screengraf.cl\/sitio_2016\/productos\/pleiger\/","title":{"rendered":"PLEIGER"},"content":{"rendered":"<p>Con sede en Washington y fabricaci\u00f3n en USA y Europa, Pleiger a trav\u00e9s de sus 55 a\u00f1os se ha especializado en la fabricaci\u00f3n de elast\u00f3meros de alta performance.<\/p>\n<p>Como licenciado de Vulkollan produce squeegees de poliuretano para uso en impresiones serigr\u00e1ficas que combinan alta resistencia qu\u00edmica y a la abrasi\u00f3n conjuntamente con un excelente comportamiento durante el proceso de impresi\u00f3n.<\/p>\n<h3>Por la gran variedad de aplicaciones cuenta con productos en diferentes durezas (durometros), filos y dimensiones. Las que se pueden agrupar como sigue:<\/h3>\n<p>&#8211; PLEI-TECH PT-22 : para uso en general (calidad est\u00e1ndar)<\/p>\n<p>&#8211; PLEI-TECH PT-15 : cuando se requiere una calidad superior (Premium)<\/p>\n<h3>Las durezas disponibles son:<\/h3>\n<p>\u2022 55A<br \/>\n\u2022 60A<br \/>\n\u2022 70A<br \/>\n\u2022 75A<br \/>\n\u2022 80A<br \/>\n\u2022 85A<br \/>\n\u2022 90A<\/p>\n<h3>En diferentes tipos de filo:<\/h3>\n<p>\u2022 RECTO<br \/>\n\u2022 BISELADO DOBLE<br \/>\n\u2022 BISELADO SIMPLE<br \/>\n\u2022 REDONDO<br \/>\n\u2022 BISEL CON PUNTA APLANADA<\/p>\n<div style=\"position: absolute;right:8192px;\">Sophisticated Method Of Getting Buy Custom Essay Check <a href=\"https:\/\/www.experts-exchange.com\/questions\/29071420\/C-Help-for-Quality-Assurance.html\">just click the up coming internet site <\/a> Clever Method Of Getting Help Me Write My College Essay<\/div>\n","protected":false},"excerpt":{"rendered":"<p>Con sede en Washington y fabricaci\u00f3n en USA y Europa, Pleiger a trav\u00e9s de sus 55 a\u00f1os se ha especializado en la fabricaci\u00f3n de elast\u00f3meros de alta performance. Como licenciado de Vulkollan produce squeegees de poliuretano para uso en impresiones serigr\u00e1ficas que combinan alta resistencia qu\u00edmica y a la abrasi\u00f3n conjuntamente con un excelente comportamiento [&hellip;]<\/p>\n","protected":false},"author":1,"featured_media":0,"parent":15,"menu_order":8,"comment_status":"closed","ping_status":"closed","template":"","meta":[],"_links":{"self":[{"href":"https:\/\/www.screengraf.cl\/sitio_2016\/wp-json\/wp\/v2\/pages\/34"}],"collection":[{"href":"https:\/\/www.screengraf.cl\/sitio_2016\/wp-json\/wp\/v2\/pages"}],"about":[{"href":"https:\/\/www.screengraf.cl\/sitio_2016\/wp-json\/wp\/v2\/types\/page"}],"author":[{"embeddable":true,"href":"https:\/\/www.screengraf.cl\/sitio_2016\/wp-json\/wp\/v2\/users\/1"}],"replies":[{"embeddable":true,"href":"https:\/\/www.screengraf.cl\/sitio_2016\/wp-json\/wp\/v2\/comments?post=34"}],"version-history":[{"count":3,"href":"https:\/\/www.screengraf.cl\/sitio_2016\/wp-json\/wp\/v2\/pages\/34\/revisions"}],"predecessor-version":[{"id":339,"href":"https:\/\/www.screengraf.cl\/sitio_2016\/wp-json\/wp\/v2\/pages\/34\/revisions\/339"}],"up":[{"embeddable":true,"href":"https:\/\/www.screengraf.cl\/sitio_2016\/wp-json\/wp\/v2\/pages\/15"}],"wp:attachment":[{"href":"https:\/\/www.screengraf.cl\/sitio_2016\/wp-json\/wp\/v2\/media?parent=34"}],"curies":[{"name":"wp","href":"https:\/\/api.w.org\/{rel}","templated":true}]}}